ple of 9?
False
Is 756 a multiple of 18?
True
Is 1238 a multiple of 9?
False
Is 350 a multiple of 25?
True
Does 23 divide 23?
True
Is 8 a factor of 3744?
True
Is 546 a multiple of 7?
True
Is 17 a factor of 325?
False
Does 158 divide 9856?
False
Is 33 a factor of 67188?
True
Is 40 a factor of 520?
True
Is 1058 a multiple of 46?
True
Does 12 divide 2326?
False
Is 13 a factor of 1407?
False
Is 13065 a multiple of 65?
True
Does 60 divide 1680?
True
Does 26 divide 345?
False
Does 68 divide 4828?
True
Is 18 a multiple of 18?
True
Is 87 a factor of 13694?
False
Does 16 divide 432?
True
Does 65 divide 5667?
False
Is 1008 a multiple of 72?
True
Is 2525 a multiple of 5?
True
Is 585 a multiple of 5?
True
Does 23 divide 35259?
True
Is 7 a factor of 102?
False
Is 3818 a multiple of 83?
True
Is 417 a multiple of 15?
False
Does 37 divide 9398?
True
Is 1152 a multiple of 16?
True
Is 17 a factor of 510?
True
Is 16697 a multiple of 3?
False
Is 1034 a multiple of 6?
False
Is 5315 a multiple of 10?
False
Is 1782 a multiple of 27?
True
Is 52 a factor of 1404?
True
Does 30 divide 6330?
True
Is 12 a factor of 6726?
False
Is 6720 a multiple of 14?
True
Is 21875 a multiple of 74?
False
Is 56 a factor of 110894?
False
Is 60 a factor of 1560?
True
Does 13 divide 1826?
False
Does 38 divide 836?
True
Does 10 divide 9785?
False
Does 13 divide 104?
True
Is 13 a factor of 611?
True
Does 30 divide 270?
True
Is 13 a factor of 102?
False
Is 581 a multiple of 24?
False
Is 77 a factor of 15862?
True
Is 33 a factor of 15515?
False
Is 375 a multiple of 75?
True
Does 2 divide 4802?
True
Is 196 a multiple of 2?
True
Is 100 a factor of 12646?
False
Does 29 divide 80?
False
Is 39 a factor of 293?
False
Is 131 a multiple of 2?
False
Is 37 a factor of 3256?
True
Is 3809 a multiple of 16?
False
Does 23 divide 851?
True
Is 17 a factor of 2124?
False
Is 2 a factor of 2285?
False
Does 39 divide 14037?
False
Does 14 divide 4505?
False
Does 5 divide 18?
False
Does 127 divide 5311?
False
Is 215 a multiple of 18?
False
Is 30 a factor of 4307?
False
Is 2979 a multiple of 9?
True
Is 11 a factor of 5888?
False
Does 19 divide 40945?
True
Does 32 divide 12928?
True
Does 34 divide 8217?
False
Is 33 a factor of 1056?
True
Is 9 a factor of 2141?
False
Is 7 a factor of 8031?
False
Is 272 a multiple of 16?
True
Is 76 a factor of 16720?
True
Does 62 divide 47792?
False
Does 53 divide 10959?
False
Does 2 divide 1038?
True
Does 13 divide 191?
False
Is 24 a factor of 8904?
True
Does 6 divide 2427?
False
Is 8604 a multiple of 145?
False
Is 693 a multiple of 21?
True
Does 12 divide 5097?
False
Does 4 divide 54?
False
Does 41 divide 12956?
True
Is 2779 a multiple of 21?
False
Is 12 a factor of 10836?
True
Is 14 a factor of 5222?
True
Is 6 a factor of 154?
False
Is 82855 a multiple of 27?
False
Does 9 divide 6158?
False
Is 44 a factor of 4087?
False
Is 20 a factor of 760?
True
Is 650 a multiple of 130?
True
Is 1735 a multiple of 5?
True
Is 9209 a multiple of 25?
False
Is 9 a factor of 4303?
False
Is 17 a factor of 3080?
False
Does 36 divide 421?
False
Is 26 a factor of 596?
False
Does 115 divide 2835?
False
Is 7 a factor of 9838?
False
Is 47 a multiple of 2?
False
Is 2392 a multiple of 8?
True
Is 740 a multiple of 4?
True
Does 16 divide 1264?
True
Is 2219 a multiple of 7?
True
Is 37 a factor of 148?
True
Does 203 divide 33596?
False
Is 30840 a multiple of 20?
True
Is 8 a factor of 14693?
False
Does 4 divide 3928?
True
Is 62775 a multiple of 225?
True
Does 12 divide 516?
True
Is 26 a factor of 1651?
False
Does 11 divide 2717?
True
Is 24 a factor of 72?
True
Does 61 divide 6583?
False
Does 42 divide 1609?
False
Is 49 a factor of 14813?
False
Is 42 a factor of 1218?
True
Is 1694 a multiple of 68?
False
Does 17 divide 79563?
False
Is 12099 a multiple of 109?
True
Does 44 divide 603?
False
Does 41 divide 10940?
False
Does 21 divide 1036?
False
Is 25680 a multiple of 40?
True
Does 9 divide 5066?
False
Is 68 a factor of 10119?
False
Does 7 divide 2933?
True
Is 2592 a multiple of 48?
True
Does 17 divide 69676?
False
Is 35 a factor of 1026?
False
Does 45 divide 1035?
True
Is 483 a multiple of 8?
False
Is 53879 a multiple of 179?
True
Is 851 a multiple of 23?
True
Is 297 a multiple of 3?
True
Does 2 divide 515?
False
Is 10080 a multiple of 126?
True
Is 2420 a multiple of 22?
True
Is 1079 a multiple of 27?
False
Is 566 a multiple of 21?
False
Is 58 a factor of 481?
False
Is 2136 a multiple of 5?
False
Is 68 a factor of 5440?
True
Does 23 divide 5064?
False
Is 267 a multiple of 6?
False
Is 3270 a multiple of 3?
True
Is 702 a multiple of 26?
True
Does 3 divide 1719?
True
Does 22 divide 490?
False
Does 38 divide 950?
True
Is 119909 a multiple of 43?
False
Is 666 even?
True
Is 715 a multiple of 13?
True
Is 2380 a multiple of 40?
False
Does 11 divide 6446?
True
Does 36 divide 44784?
True
Does 140 divide 6317?
False
Is 2460 a multiple of 12?
True
Is 7 a factor of 190?
False
Is 58 a factor of 116?
True
Is 5036 a multiple of 3?
False
Is 7434 a multiple of 9?
True
Is 8 a factor of 21957?
False
Does 2 divide 36170?
True
Is 4031 a multiple of 12?
False
Does 273 divide 3822?
True
Does 6 divide 480?
True
Does 14 divide 6174?
True
Is 88 a factor of 19098?
False
Does 18 divide 91179?
False
Is 2596 a multiple of 44?
True
Is 588 a multiple of 14?
True
Does 117 divide 9594?
True
Does 22 divide 110?
True
Is 2808 a multiple of 27?
True
Is 1400 a multiple of 104?
False
Does 8 divide 1146?
False
Is 3 a factor of 93?
True
Does 9 divide 954?
True
Is 171 a multiple of 2?
False
Does 62 divide 33294?
True
Is 336 a multiple of 52?
False
Is 7208 a multiple of 23?
False
Is 14435 a multiple of 170?
False
Is 6833 a multiple of 74?
False
Does 24 divide 1656?
True
Is 41 a factor of 12974?
False
Does 15 divide 1881?
False
Is 278 a multiple of 3?
False
Is 29 a factor of 3190?
True
Is 10 a factor of 50?
True
Does 6 divide 1026?
True
Does 70 divide 472?
False
Is 44 a factor of 396?
True
Is 13 a factor of 8878?
False
Does 37 divide 4625?
True
Is 80 a multiple of 5?
True
Does 172 divide 19876?
False
Does 57 divide 18596?
False
Is 11 a factor of 1374?
False
Is 36016 a multiple of 16?
True
Is 25 a factor of 5075?
True
Does 18 divide 2175?
False
Does 15 divide 916?
False
Is 25 a factor of 546?
False
Does 24 divide 144?
True
Does 9 divide 1278?
True
Is 11 a factor of 7810?
True
Is 22 a factor of 332?
False
Is 13 a factor of 10517?
True
Is 28 a factor of 15764?
True
Is 17 a factor of 6783?
True
Is 5653 a multiple of 7?
False
Is 15 a factor of 84997?
False
Is 104 a factor of 9672?
True
Is 8 a factor of 6694?
False
Does 9 divide 62739?
True
Is 11 a factor of 88?
True
Is 3710 a multiple of 53?
True
Is 101 a factor of 19378?
False
Is 3404 a multiple of 148?
True
Is 129 a factor of 3222?
False
Is 29233 a multiple of 20?
False
Does 33 divide 2376?
True
Is 386 even?
True
Is 852 a multiple of 12?
True
Is 35 a factor of 1250?
False
Is 26 a factor of 11620?
False
Is 32 a factor of 8104?
False
Is 327 a multiple of 18?
False
Is 1334 a multiple of 12?
False
Does 81 divide 22518?
True
Does 96 divide 7488?
True
Does 36 divide 2738?
False
Is 1180 a multiple of 27?
False
Is 2956 a multiple of 127?
False
Is 13 a factor of 922?
False
Does 87 divide 10701?
True
Is 13 a factor of 767?
True
Is 17630 a multiple of 27?
False
Is 114 a factor of 2964?
True
Does 17 divide 47362?
True
Is 18 a factor of 9002?
False
Does 40 divide 760?
True
Is 21 a factor of 2214?
False
Is 22162 a multiple of 53?
False
Is 393 a multiple of 2?
False
Does 39 divide 67981?
False
Is 223 a factor of 19390?
False
Is 62 a factor of 3015?
False
Does 30 divide 868?
False
Is 92 a multiple of 61?
False
Is 202 a multiple of 42?
False
Is 106 a factor of 28306?
False
Does 8 divide 28848?
True
Does 37 divide 1702?
True
Is 51 a factor of 2754?
True
Is 13 a factor of 23348?
True
Is 5797 a multiple of 31?
True
Does 180 divide 2275?
False
Does 11 divide 793?
False
Is 2613 a multiple of 8?
False
Is 7927 a multiple of 68?
False
Is 306 a multiple of 15?
False
Is 3446 a multiple of 39?
False
Is 15 a factor of 4035?
True
Does 122 divide 7628?
False
Is 19 a factor of 1239?
False
Is 271 a multiple of 44?
False
Is 33 a factor of 2574?
True
Is 27 a factor of 564?
False
Is 12681 a multiple of 81?
False
Is 12936 a multiple of 12?
True
Doe